{"id":9260,"date":"2023-09-18T01:35:08","date_gmt":"2023-09-17T23:35:08","guid":{"rendered":"https:\/\/trockenholzlager.com\/?post_type=product&#038;p=9260"},"modified":"2026-01-27T03:49:54","modified_gmt":"2026-01-27T08:49:54","slug":"pellet-van-roje-palette-mit-65-sacken-a-15-kg","status":"publish","type":"product","link":"https:\/\/trockenholzlager.com\/index.php\/produit\/pellet-van-roje-palette-mit-65-sacken-a-15-kg\/","title":{"rendered":"Pellet Van Roje &#8211; Palette mit 65 S\u00e4cken zu je 15 kg"},"content":{"rendered":"<p>VanRoje-Pellet ist unser hochwertigstes Holzpellet.<br \/>\nVANROJE-Holzpellets \u00fcbertreffen die Anforderungen der Normen DIN Plus und EN Plus und tragen das PEFC-Siegel (nachhaltige Waldbewirtschaftung).<br \/>\nSein Heizwert liegt 7% \u00fcber der DIN Plus-Norm.<br \/>\nEr garantiert Ihnen 44% weniger Asche und 77% weniger Staub im Vergleich zu einem Standardpellet.<br \/>\nDieses Holzpellet aus 100% Nadelholz, ohne Zusatzstoffe und CO2-neutral, ist ideal f\u00fcr Ihren Ofen oder Kessel.<br \/>\nEr sorgt f\u00fcr einen schnellen Temperaturanstieg, h\u00e4lt die W\u00e4rme konstant und Sie verbrauchen weniger Pellets als mit einer anderen Marke.<br \/>\nEin Pellet von hoher deutscher Qualit\u00e4t!<br \/>\nSie haben sich f\u00fcr den Einbau einer Pelletheizung entschieden, und das war die richtige Entscheidung! Sie heizt nicht nur mit erneuerbarer Energie, sondern ist auch noch wirtschaftlich.<br \/>\nMit VANROJE-Pellets profitieren Sie von einem schnellen Temperaturanstieg und dank des geringen Staub- und Aschegehalts k\u00f6nnen Sie einfach die W\u00e4rme genie\u00dfen, ohne den Ofen jeden Tag reinigen zu m\u00fcssen.<br \/>\nReferenz PELLET_PALETTE_VANROJE<br \/>\nTechnische Daten<br \/>\nZusammensetzung<br \/>\n100% Weichholz<br \/>\nBescheinigungen<br \/>\nDIN Plus, EN Plus A1, PEFC<br \/>\nHeizwert<br \/>\nh\u00f6her als 4,9 kWh\/kg<br \/>\nFeuchtigkeitsgehalt<br \/>\nWeniger als 7,8%.<br \/>\nAschegehalt<br \/>\nWeniger als 0,39%.<br \/>\nStaubgehalt<br \/>\nWeniger als 0,23%.<br \/>\nDurchmesser<br \/>\n6 mm<br \/>\nVerpackung<br \/>\nPalette<\/p>\n","protected":false},"excerpt":{"rendered":"<p>VanRoje-Pellet ist unser hochwertigstes Holzpellet. VANROJE-Holzpellets \u00fcbertreffen die Anforderungen der Normen DIN Plus und EN Plus und tragen das PEFC-Siegel<\/p>\n","protected":false},"featured_media":9261,"template":"","meta":{"content-type":""},"product_brand":[],"product_cat":[78],"product_tag":[],"class_list":{"0":"post-9260","1":"product","2":"type-product","3":"status-publish","4":"has-post-thumbnail","6":"product_cat-wood-pellets","8":"first","9":"instock","10":"shipping-taxable","11":"purchasable","12":"product-type-simple"},"jetpack_sharing_enabled":true,"_links":{"self":[{"href":"https:\/\/trockenholzlager.com\/index.php\/wp-json\/wp\/v2\/product\/9260","targetHints":{"allow":["GET"]}}],"collection":[{"href":"https:\/\/trockenholzlager.com\/index.php\/wp-json\/wp\/v2\/product"}],"about":[{"href":"https:\/\/trockenholzlager.com\/index.php\/wp-json\/wp\/v2\/types\/product"}],"version-history":[{"count":0,"href":"https:\/\/trockenholzlager.com\/index.php\/wp-json\/wp\/v2\/product\/9260\/revisions"}],"wp:featuredmedia":[{"embeddable":true,"href":"https:\/\/trockenholzlager.com\/index.php\/wp-json\/wp\/v2\/media\/9261"}],"wp:attachment":[{"href":"https:\/\/trockenholzlager.com\/index.php\/wp-json\/wp\/v2\/media?parent=9260"}],"wp:term":[{"taxonomy":"product_brand","embeddable":true,"href":"https:\/\/trockenholzlager.com\/index.php\/wp-json\/wp\/v2\/product_brand?post=9260"},{"taxonomy":"product_cat","embeddable":true,"href":"https:\/\/trockenholzlager.com\/index.php\/wp-json\/wp\/v2\/product_cat?post=9260"},{"taxonomy":"product_tag","embeddable":true,"href":"https:\/\/trockenholzlager.com\/index.php\/wp-json\/wp\/v2\/product_tag?post=9260"}],"curies":[{"name":"wp","href":"https:\/\/api.w.org\/{rel}","templated":true}]}}