{"id":8857,"date":"2023-09-09T20:23:49","date_gmt":"2023-09-09T18:23:49","guid":{"rendered":"https:\/\/trockenholzlager.com\/?post_type=product&#038;p=8857"},"modified":"2026-01-27T03:49:35","modified_gmt":"2026-01-27T08:49:35","slug":"freepoint-duke-airtight-wi-fi-pellet-stove-black-14-kw","status":"publish","type":"product","link":"https:\/\/trockenholzlager.com\/index.php\/produit\/freepoint-duke-airtight-wi-fi-pellet-stove-black-14-kw\/","title":{"rendered":"FREEPOINT Duke luftdichter Wi-Fi-Pelletofen schwarz 14 kW"},"content":{"rendered":"<p>A<\/p>\n<p>ir Plus-Technologie f\u00fcr die Beheizung mehrerer R\u00e4ume in Ihrem Haus (Rohrl\u00e4nge bis zu 8 m). Mit optionalem Konzentrik-Bausatz, h\u00f6here konzentrische Installation m\u00f6glich.<\/p>\n<p>Konvektionsofen mit AIR PLUS Technologie zum Beheizen mehrerer R\u00e4ume in Ihrer Wohnung (max. 8 m Rohrl\u00e4nge), dank 1+2 Ventilatoren mit unabh\u00e4ngiger Steuerung. Die luftdichte Technologie AIRTIGHT SYSTEM saugt die Luft direkt von au\u00dfen an und verbessert den W\u00e4rmekomfort. Dank seines hohen Wirkungsgrades verbraucht der Ofen weniger Pellets und bietet gleichzeitig maximalen Komfort. Mit Silent Technology f\u00fcr einen leiseren Betrieb mit nat\u00fcrlicher Konvektion und ohne Zwangsbel\u00fcftung bei reduzierter Leistung. Einfache Bedienung dank eines leicht verst\u00e4ndlichen Displays mit franz\u00f6sischen oder mehrsprachigen Men\u00fcs. Einfache t\u00e4gliche\/w\u00f6chentliche Programmierung. Einfache Fernverwaltung mit Ihrem Tablet oder Smartphone dank des integrierten FreePoint Easy Wi-Fi-Systems. Inklusive Fernbedienung. Kann an ein externes Thermostat angeschlossen werden. Feuerraum und T\u00fcr aus Gusseisen. Gusseisen-Feuerstelle mit EASY START-System f\u00fcr einfaches Anz\u00fcnden. Hinterer\/oberer Schornstein zur Positionierung des Ofens n\u00e4her an der Wand.<\/p>\n<p>Energieklasse (A++ bis G) A+<br \/>\nRichtwert f\u00fcr die Heizfl\u00e4che (in m\u00b2) Von 101 bis 150<br \/>\nWirkungsgrad (in %) 87,5<br \/>\nFassungsverm\u00f6gen des Beh\u00e4lters (kg) 23<br \/>\nBreite (in cm) 58<br \/>\nH\u00f6he (in cm) 114<br \/>\nTiefe (in cm) 58<br \/>\nSaisonaler Energiewirkungsgrad (Etas) (in %) 85<br \/>\nLeistung (kW) 14<br \/>\nFREEPOINT Produktmarke<br \/>\nVerkaufsbezeichnung Duke airtight wi-fi<br \/>\nMindest- und H\u00f6chstleistung (in kW) 14-3,6<\/p>\n<p>&nbsp;<\/p>\n<p>&nbsp;<\/p>\n<p>&nbsp;<\/p>\n","protected":false},"excerpt":{"rendered":"<p>A ir Plus-Technologie f\u00fcr die Beheizung mehrerer R\u00e4ume in Ihrem Haus (Rohrl\u00e4nge bis zu 8 m). Mit optionalem Konzentrik-Bausatz, h\u00f6here<\/p>\n","protected":false},"featured_media":8858,"template":"","meta":{"content-type":""},"product_brand":[],"product_cat":[79],"product_tag":[],"class_list":{"0":"post-8857","1":"product","2":"type-product","3":"status-publish","4":"has-post-thumbnail","6":"product_cat-pellet-stove","8":"first","9":"instock","10":"shipping-taxable","11":"purchasable","12":"product-type-simple"},"jetpack_sharing_enabled":true,"_links":{"self":[{"href":"https:\/\/trockenholzlager.com\/index.php\/wp-json\/wp\/v2\/product\/8857","targetHints":{"allow":["GET"]}}],"collection":[{"href":"https:\/\/trockenholzlager.com\/index.php\/wp-json\/wp\/v2\/product"}],"about":[{"href":"https:\/\/trockenholzlager.com\/index.php\/wp-json\/wp\/v2\/types\/product"}],"version-history":[{"count":0,"href":"https:\/\/trockenholzlager.com\/index.php\/wp-json\/wp\/v2\/product\/8857\/revisions"}],"wp:featuredmedia":[{"embeddable":true,"href":"https:\/\/trockenholzlager.com\/index.php\/wp-json\/wp\/v2\/media\/8858"}],"wp:attachment":[{"href":"https:\/\/trockenholzlager.com\/index.php\/wp-json\/wp\/v2\/media?parent=8857"}],"wp:term":[{"taxonomy":"product_brand","embeddable":true,"href":"https:\/\/trockenholzlager.com\/index.php\/wp-json\/wp\/v2\/product_brand?post=8857"},{"taxonomy":"product_cat","embeddable":true,"href":"https:\/\/trockenholzlager.com\/index.php\/wp-json\/wp\/v2\/product_cat?post=8857"},{"taxonomy":"product_tag","embeddable":true,"href":"https:\/\/trockenholzlager.com\/index.php\/wp-json\/wp\/v2\/product_tag?post=8857"}],"curies":[{"name":"wp","href":"https:\/\/api.w.org\/{rel}","templated":true}]}}