{"id":8603,"date":"2023-09-09T16:03:05","date_gmt":"2023-09-09T14:03:05","guid":{"rendered":"https:\/\/trockenholzlager.com\/?post_type=product&#038;p=8603"},"modified":"2026-01-27T03:49:35","modified_gmt":"2026-01-27T08:49:35","slug":"elektrische-feile-silverline-silverstorm-13-mm-260-w-247820","status":"publish","type":"product","link":"https:\/\/trockenholzlager.com\/index.php\/produit\/elektrische-feile-silverline-silverstorm-13-mm-260-w-247820\/","title":{"rendered":"Elektrische Feile SILVERLINE Silverstorm &#8211; 13 mm 260 W &#8211; 247820"},"content":{"rendered":"<p>Details: Diese Silverline 13-mm-Elektrobandfeile ist ideal zum Entzundern, Schleifen und Polieren von Schwei\u00dfn\u00e4hten, zum Formen von Zapfenl\u00f6chern und Verbindungen sowie zum Schleifen in schwierigen Ecken oder an schwer zug\u00e4nglichen Stellen. Der 130 mm lange Feilenarm ist f\u00fcr den Einsatz auf Holz, Metall und Kunststoff konzipiert, hat eine maximale Bandgeschwindigkeit von 550 U\/min und ist auf den gew\u00fcnschten Arbeitswinkel einstellbar. Ausgestattet mit einer variablen Geschwindigkeitsregelung \u00fcber ein leicht zug\u00e4ngliches Rad, k\u00f6nnen Sie die Bandgeschwindigkeit ausw\u00e4hlen und \u00e4ndern, um eine bestimmte Schleifleistung je nach gew\u00fcnschtem Finish und je nach Aufgabe und Material, das Sie bearbeiten, zu erzielen. An der Basis des Feilarms befindet sich eine Spann-\/Freigabeschraube, mit der das Band gestrafft oder entspannt werden kann, um die Leistung zu verbessern und das Entfernen und Wechseln des Bandes zu erleichtern. An der Seite des Ger\u00e4ts befindet sich an der Basis ein Staubabsaugungsanschluss, an den ein Staubabsaugungssystem angeschlossen werden kann.<\/p>\n<p>Aus den eingegangenen Kommentaren geht hervor, dass dieses Ger\u00e4t dank des Reihenmotors gut ausbalanciert ist und nicht durch einen instabilen, seitlich angeordneten Motor. Ausstattung: Geliefert mit: Adapter f\u00fcr Staubabsaugung 2 Schleifb\u00e4nder K\u00f6rnung 80 und 120 Merkmale: IP-Klasse: IPX91 Material &#8211; Schleifmittel: Kunstharz Leistung: 260 W Gr\u00f6\u00dfe des Schleifblattes: 13 x 457 mm Leerlaufgeschwindigkeit: 330 &#8211; 550 m\/min Produktgewicht: 1, 15kg<\/p>\n","protected":false},"excerpt":{"rendered":"<p>Details: Diese Silverline 13-mm-Elektrobandfeile ist ideal zum Entzundern, Schleifen und Polieren von Schwei\u00dfn\u00e4hten, zum Formen von Zapfenl\u00f6chern und Verbindungen sowie<\/p>\n","protected":false},"featured_media":8604,"template":"","meta":{"content-type":""},"product_brand":[],"product_cat":[75],"product_tag":[],"class_list":{"0":"post-8603","1":"product","2":"type-product","3":"status-publish","4":"has-post-thumbnail","6":"product_cat-wood-saw","8":"first","9":"instock","10":"shipping-taxable","11":"purchasable","12":"product-type-simple"},"jetpack_sharing_enabled":true,"_links":{"self":[{"href":"https:\/\/trockenholzlager.com\/index.php\/wp-json\/wp\/v2\/product\/8603","targetHints":{"allow":["GET"]}}],"collection":[{"href":"https:\/\/trockenholzlager.com\/index.php\/wp-json\/wp\/v2\/product"}],"about":[{"href":"https:\/\/trockenholzlager.com\/index.php\/wp-json\/wp\/v2\/types\/product"}],"version-history":[{"count":0,"href":"https:\/\/trockenholzlager.com\/index.php\/wp-json\/wp\/v2\/product\/8603\/revisions"}],"wp:featuredmedia":[{"embeddable":true,"href":"https:\/\/trockenholzlager.com\/index.php\/wp-json\/wp\/v2\/media\/8604"}],"wp:attachment":[{"href":"https:\/\/trockenholzlager.com\/index.php\/wp-json\/wp\/v2\/media?parent=8603"}],"wp:term":[{"taxonomy":"product_brand","embeddable":true,"href":"https:\/\/trockenholzlager.com\/index.php\/wp-json\/wp\/v2\/product_brand?post=8603"},{"taxonomy":"product_cat","embeddable":true,"href":"https:\/\/trockenholzlager.com\/index.php\/wp-json\/wp\/v2\/product_cat?post=8603"},{"taxonomy":"product_tag","embeddable":true,"href":"https:\/\/trockenholzlager.com\/index.php\/wp-json\/wp\/v2\/product_tag?post=8603"}],"curies":[{"name":"wp","href":"https:\/\/api.w.org\/{rel}","templated":true}]}}